{"id":7079,"date":"2019-05-22T18:13:41","date_gmt":"2019-05-22T16:13:41","guid":{"rendered":"https:\/\/nordfenster.it\/neue-gebaude\/"},"modified":"2019-06-03T16:03:34","modified_gmt":"2019-06-03T14:03:34","slug":"neue-gebaude","status":"publish","type":"page","link":"https:\/\/www.nordfenster.it\/de\/neue-gebaude\/","title":{"rendered":"Neue Geb\u00e4ude"},"content":{"rendered":"[vc_row type=&#8220;full_width_background&#8220; full_screen_row_position=&#8220;middle&#8220; bg_color=&#8220;#fafafa&#8220; scene_position=&#8220;center&#8220; text_color=&#8220;dark&#8220; text_align=&#8220;left&#8220; top_padding=&#8220;4%&#8220; bottom_padding=&#8220;4%&#8220; overlay_strength=&#8220;0.3&#8243; shape_divider_position=&#8220;bottom&#8220; bg_image_animation=&#8220;none&#8220; shape_type=&#8220;&#8220;][vc_column column_padding=&#8220;padding-5-percent&#8220; column_padding_position=&#8220;all&#8220; background_color_opacity=&#8220;1&#8243; background_hover_color_opacity=&#8220;1&#8243; column_link_target=&#8220;_self&#8220; column_shadow=&#8220;none&#8220; column_border_radius=&#8220;none&#8220; width=&#8220;2\/3&#8243; tablet_width_inherit=&#8220;default&#8220; tablet_text_alignment=&#8220;default&#8220; phone_text_alignment=&#8220;default&#8220; column_border_width=&#8220;none&#8220; column_border_style=&#8220;solid&#8220; bg_image_animation=&#8220;none&#8220;][split_line_heading]\n<h1>Nordfenster entwickelt Fenster- und Beschattungs-L\u00f6sungen f\u00fcr Neubauten<\/h1>\n[\/split_line_heading][split_line_heading]\n<h2>Nordfenster k\u00fcmmert sich in Ihrem Neubau um optimale L\u00f6sungen f\u00fcr Fenster und Beschattungssysteme, die idealen Tageslichteinfall mit \u00c4sthetik, Schall- und W\u00e4rmed\u00e4mmung verbinden.<\/h2>\n[\/split_line_heading][vc_column_text]Werden H\u00e4user neu gebaut, ist ein reibungsloses Zusammenspiel aller Beteiligten auf der Baustelle notwendig. Das wissen wir bei Nordfenster, weshalb wir die enge Absprache mit Handwerkern, Bau- und Immobilienunternehmen suchen. Nur so k\u00f6nnen wir Kombinationen aus Fenstern und Beschattungssystemen f\u00fcr einen idealen Einfall von Tageslicht sowie optimale Schall- und W\u00e4rmed\u00e4mmung bieten.<\/p>\n<p>Das wissen wir bei Nordfenster, weshalb wir die enge Absprache mit Handwerkern, Bau- und Immobilienunternehmen suchen. Schlie\u00dflich ist jede Situation eine ganz individuelle, die L\u00f6sungen auf Ma\u00df erfordert und solche, die sich nahtlos in den Ablauf der Arbeiten auf der Baustelle einf\u00fcgen lassen. Haben wir einmal die technisch perfekten L\u00f6sungen gefunden, legt Nordfenster dem Bauherrn einen detaillierten Kostenvoranschlag vor. Ist dieser abgesegnet, k\u00fcmmern wir uns um den Rest &#8211; zuverl\u00e4ssig und p\u00fcnktlich. Suchen Sie die optimale Kombination aus Fenstern und Beschattungssystemen? Kontaktieren Sie uns f\u00fcr einen Termin vor Ort![\/vc_column_text][\/vc_column][vc_column column_padding=&#8220;no-extra-padding&#8220; column_padding_position=&#8220;all&#8220; background_color_opacity=&#8220;1&#8243; background_hover_color_opacity=&#8220;1&#8243; column_link_target=&#8220;_self&#8220; column_shadow=&#8220;none&#8220; column_border_radius=&#8220;none&#8220; width=&#8220;1\/3&#8243; tablet_width_inherit=&#8220;default&#8220; tablet_text_alignment=&#8220;default&#8220; phone_text_alignment=&#8220;default&#8220; column_border_width=&#8220;none&#8220; column_border_style=&#8220;solid&#8220; bg_image_animation=&#8220;none&#8220;][\/vc_column][\/vc_row][vc_row type=&#8220;in_container&#8220; full_screen_row_position=&#8220;middle&#8220; scene_position=&#8220;center&#8220; text_color=&#8220;dark&#8220; text_align=&#8220;left&#8220; top_padding=&#8220;5%&#8220; overlay_strength=&#8220;0.3&#8243; shape_divider_position=&#8220;bottom&#8220; bg_image_animation=&#8220;none&#8220; shape_type=&#8220;&#8220;][vc_column column_padding=&#8220;no-extra-padding&#8220; column_padding_position=&#8220;all&#8220; background_color_opacity=&#8220;1&#8243; background_hover_color_opacity=&#8220;1&#8243; column_link_target=&#8220;_self&#8220; column_shadow=&#8220;none&#8220; column_border_radius=&#8220;none&#8220; width=&#8220;1\/1&#8243; tablet_width_inherit=&#8220;default&#8220; tablet_text_alignment=&#8220;default&#8220; phone_text_alignment=&#8220;default&#8220; column_border_width=&#8220;none&#8220; column_border_style=&#8220;solid&#8220; bg_image_animation=&#8220;none&#8220;][vc_custom_heading text=&#8220;Machen Sie sich ein Bild von unseren Neubau-Projekten!&#8220; font_container=&#8220;tag:h2|font_size:24|text_align:left|color:%23f0821d|line_height:4&#8243; use_theme_fonts=&#8220;yes&#8220;]<div class=\"nectar_fullscreen_zoom_recent_projects\" data-autorotate=\"20000\" data-slider-text-color=\"light\" data-slider-controls=\"both\" data-overlay-opacity=\"0.5\"><div class=\"project-slides\"><div class=\"project-slide current\"><div class=\"bg-outer-wrap\"><div class=\"bg-outer\"><div class=\"bg-inner-wrap\" style=\"background-color: #000000;\"><div class=\"slide-bg\" style=\"background-image:url(https:\/\/www.nordfenster.it\/wp-content\/uploads\/2020\/01\/nordfenster-thurner-5.jpg)\"><\/div><\/div><\/div><\/div><div class=\"project-info\"><div class=\"container normal-container\"><h1>Villa in Nals<\/h1>  <a href=\"https:\/\/www.nordfenster.it\/de\/portfolio\/villa-in-nals\/\">View Project<\/a><\/div><\/div><\/div><!--project slide--><div class=\"project-slide next\"><div class=\"bg-outer-wrap\"><div class=\"bg-outer\"><div class=\"bg-inner-wrap\" style=\"background-color: #f0821d;\"><div class=\"slide-bg\" style=\"background-image:url(https:\/\/www.nordfenster.it\/wp-content\/uploads\/2019\/02\/DLG_5821.jpg)\"><\/div><\/div><\/div><\/div><div class=\"project-info\"><div class=\"container normal-container\"><h1>Privatvilla Nals<\/h1>  <a href=\"https:\/\/www.nordfenster.it\/de\/portfolio\/privatvilla-nals\/\">View Project<\/a><\/div><\/div><\/div><!--project slide--><div class=\"project-slide next\"><div class=\"bg-outer-wrap\"><div class=\"bg-outer\"><div class=\"bg-inner-wrap\" style=\"background-color: #000000;\"><div class=\"slide-bg\" style=\"background-image:url(https:\/\/www.nordfenster.it\/wp-content\/uploads\/2019\/02\/S1507001_RZ_9776.jpg)\"><\/div><\/div><\/div><\/div><div class=\"project-info\"><div class=\"container normal-container\"><h1>Aktivhotel Tuxerhof<\/h1>  <a href=\"https:\/\/www.nordfenster.it\/de\/portfolio\/aktivhotel-tuxerhof\/\">View Project<\/a><\/div><\/div><\/div><!--project slide--><\/div><div class=\"container normal-container\"><div class=\"zoom-slider-controls\"><a class=\"prev\" href=\"#\"><i class=\"fa fa-angle-left\" aria-hidden=\"true\"><\/i><\/a><a class=\"next\" href=\"#\"><i class=\"fa fa-angle-right\" aria-hidden=\"true\"><\/i><\/a><\/div><\/div><\/div><!--nectar_fullscreen_zoom_recent_projects-->[\/vc_column][\/vc_row][vc_row type=&#8220;in_container&#8220; full_screen_row_position=&#8220;middle&#8220; scene_position=&#8220;center&#8220; text_color=&#8220;light&#8220; text_align=&#8220;center&#8220; bottom_padding=&#8220;10%&#8220; overlay_strength=&#8220;0.3&#8243; shape_divider_position=&#8220;bottom&#8220; bg_image_animation=&#8220;none&#8220; shape_type=&#8220;&#8220;][vc_column column_padding=&#8220;padding-5-percent&#8220; column_padding_position=&#8220;all&#8220; background_color=&#8220;#273e85&#8243; background_color_opacity=&#8220;1&#8243; background_hover_color_opacity=&#8220;1&#8243; column_link_target=&#8220;_self&#8220; column_shadow=&#8220;none&#8220; column_border_radius=&#8220;none&#8220; width=&#8220;1\/1&#8243; tablet_width_inherit=&#8220;default&#8220; tablet_text_alignment=&#8220;default&#8220; phone_text_alignment=&#8220;default&#8220; column_border_width=&#8220;none&#8220; column_border_style=&#8220;solid&#8220; bg_image_animation=&#8220;none&#8220;][split_line_heading]\n<h2>Machen Sie sich ein Bild unserer Arbeit an historischen Geb\u00e4uden!<\/h2>\n[\/split_line_heading][nectar_cta btn_style=&#8220;see-through&#8220; heading_tag=&#8220;h6&#8243; text_color=&#8220;#ffffff&#8220; link_type=&#8220;regular&#8220; alignment=&#8220;center&#8220; margin_top=&#8220;-20&#8243; url=&#8220;\/sopralluogo\/&#8220; link_text=&#8220;Kontaktieren Sie uns f\u00fcr einen Termin vor Ort&#8220;][\/vc_column][\/vc_row]\n","protected":false},"excerpt":{"rendered":"<p>[vc_row type=&#8220;full_width_background&#8220; full_screen_row_position=&#8220;middle&#8220; bg_color=&#8220;#fafafa&#8220; scene_position=&#8220;center&#8220; text_color=&#8220;dark&#8220; text_align=&#8220;left&#8220; top_padding=&#8220;4%&#8220; bottom_padding=&#8220;4%&#8220; overlay_strength=&#8220;0.3&#8243; shape_divider_position=&#8220;bottom&#8220; bg_image_animation=&#8220;none&#8220; shape_type=&#8220;&#8220;][vc_column column_padding=&#8220;padding-5-percent&#8220; column_padding_position=&#8220;all&#8220; background_color_opacity=&#8220;1&#8243; background_hover_color_opacity=&#8220;1&#8243; column_link_target=&#8220;_self&#8220; column_shadow=&#8220;none&#8220; column_border_radius=&#8220;none&#8220; width=&#8220;2\/3&#8243; tablet_width_inherit=&#8220;default&#8220; tablet_text_alignment=&#8220;default&#8220; phone_text_alignment=&#8220;default&#8220; column_border_width=&#8220;none&#8220;&#8230;<\/p>\n","protected":false},"author":6,"featured_media":0,"parent":0,"menu_order":0,"comment_status":"closed","ping_status":"closed","template":"page-after_body.php","meta":{"_acf_changed":false,"footnotes":""},"class_list":["post-7079","page","type-page","status-publish"],"acf":[],"_links":{"self":[{"href":"https:\/\/www.nordfenster.it\/de\/wp-json\/wp\/v2\/pages\/7079","targetHints":{"allow":["GET"]}}],"collection":[{"href":"https:\/\/www.nordfenster.it\/de\/wp-json\/wp\/v2\/pages"}],"about":[{"href":"https:\/\/www.nordfenster.it\/de\/wp-json\/wp\/v2\/types\/page"}],"author":[{"embeddable":true,"href":"https:\/\/www.nordfenster.it\/de\/wp-json\/wp\/v2\/users\/6"}],"replies":[{"embeddable":true,"href":"https:\/\/www.nordfenster.it\/de\/wp-json\/wp\/v2\/comments?post=7079"}],"version-history":[{"count":3,"href":"https:\/\/www.nordfenster.it\/de\/wp-json\/wp\/v2\/pages\/7079\/revisions"}],"predecessor-version":[{"id":7770,"href":"https:\/\/www.nordfenster.it\/de\/wp-json\/wp\/v2\/pages\/7079\/revisions\/7770"}],"wp:attachment":[{"href":"https:\/\/www.nordfenster.it\/de\/wp-json\/wp\/v2\/media?parent=7079"}],"curies":[{"name":"wp","href":"https:\/\/api.w.org\/{rel}","templated":true}]}}

Neue Gebäude

[vc_row type=&#8220;full_width_background&#8220; full_screen_row_position=&#8220;middle&#8220; bg_color=&#8220;#fafafa&#8220; scene_position=&#8220;center&#8220; text_color=&#8220;dark&#8220; text_align=&#8220;left&#8220; top_padding=&#8220;4%&#8220; bottom_padding=&#8220;4%&#8220; overlay_strength=&#8220;0.3&#8243; shape_divider_position=&#8220;bottom&#8220; bg_image_animation=&#8220;none&#8220; shape_type=&#8220;&#8220;][vc_column column_padding=&#8220;padding-5-percent&#8220; column_padding_position=&#8220;all&#8220; background_color_opacity=&#8220;1&#8243; background_hover_color_opacity=&#8220;1&#8243; column_link_target=&#8220;_self&#8220; column_shadow=&#8220;none&#8220; column_border_radius=&#8220;none&#8220; width=&#8220;2/3&#8243; tablet_width_inherit=&#8220;default&#8220; tablet_text_alignment=&#8220;default&#8220; phone_text_alignment=&#8220;default&#8220; column_border_width=&#8220;none&#8220; column_border_style=&#8220;solid&#8220; bg_image_animation=&#8220;none&#8220;][split_line_heading]
<h1>Nordfenster entwickelt Fenster- und Beschattungs-Lösungen für Neubauten</h1>
[/split_line_heading][split_line_heading]
<h2>Nordfenster kümmert sich in Ihrem Neubau um optimale Lösungen für Fenster und Beschattungssysteme, die idealen Tageslichteinfall mit Ästhetik, Schall- und Wärmedämmung verbinden.</h2>
[/split_line_heading][vc_column_text]Werden Häuser neu gebaut, ist ein reibungsloses Zusammenspiel aller Beteiligten auf der Baustelle notwendig. Das wissen wir bei Nordfenster, weshalb wir die enge Absprache mit Handwerkern, Bau- und Immobilienunternehmen suchen. Nur so können wir Kombinationen aus Fenstern und Beschattungssystemen für einen idealen Einfall von Tageslicht sowie optimale Schall- und Wärmedämmung bieten.</p>
<p>Das wissen wir bei Nordfenster, weshalb wir die enge Absprache mit Handwerkern, Bau- und Immobilienunternehmen suchen. Schließlich ist jede Situation eine ganz individuelle, die Lösungen auf Maß erfordert und solche, die sich nahtlos in den Ablauf der Arbeiten auf der Baustelle einfügen lassen. Haben wir einmal die technisch perfekten Lösungen gefunden, legt Nordfenster dem Bauherrn einen detaillierten Kostenvoranschlag vor. Ist dieser abgesegnet, kümmern wir uns um den Rest &#8211; zuverlässig und pünktlich. Suchen Sie die optimale Kombination aus Fenstern und Beschattungssystemen? Kontaktieren Sie uns für einen Termin vor Ort![/vc_column_text][/vc_column][vc_column column_padding=&#8220;no-extra-padding&#8220; column_padding_position=&#8220;all&#8220; background_color_opacity=&#8220;1&#8243; background_hover_color_opacity=&#8220;1&#8243; column_link_target=&#8220;_self&#8220; column_shadow=&#8220;none&#8220; column_border_radius=&#8220;none&#8220; width=&#8220;1/3&#8243; tablet_width_inherit=&#8220;default&#8220; tablet_text_alignment=&#8220;default&#8220; phone_text_alignment=&#8220;default&#8220; column_border_width=&#8220;none&#8220; column_border_style=&#8220;solid&#8220; bg_image_animation=&#8220;none&#8220;][/vc_column][/vc_row][vc_row type=&#8220;in_container&#8220; full_screen_row_position=&#8220;middle&#8220; scene_position=&#8220;center&#8220; text_color=&#8220;dark&#8220; text_align=&#8220;left&#8220; top_padding=&#8220;5%&#8220; overlay_strength=&#8220;0.3&#8243; shape_divider_position=&#8220;bottom&#8220; bg_image_animation=&#8220;none&#8220; shape_type=&#8220;&#8220;][vc_column column_padding=&#8220;no-extra-padding&#8220; column_padding_position=&#8220;all&#8220; background_color_opacity=&#8220;1&#8243; background_hover_color_opacity=&#8220;1&#8243; column_link_target=&#8220;_self&#8220; column_shadow=&#8220;none&#8220; column_border_radius=&#8220;none&#8220; width=&#8220;1/1&#8243; tablet_width_inherit=&#8220;default&#8220; tablet_text_alignment=&#8220;default&#8220; phone_text_alignment=&#8220;default&#8220; column_border_width=&#8220;none&#8220; column_border_style=&#8220;solid&#8220; bg_image_animation=&#8220;none&#8220;][vc_custom_heading text=&#8220;Machen Sie sich ein Bild von unseren Neubau-Projekten!&#8220; font_container=&#8220;tag:h2|font_size:24|text_align:left|color:%23f0821d|line_height:4&#8243; use_theme_fonts=&#8220;yes&#8220;]<div class="nectar_fullscreen_zoom_recent_projects" data-autorotate="20000" data-slider-text-color="light" data-slider-controls="both" data-overlay-opacity="0.5"><div class="project-slides"><div class="project-slide current"><div class="bg-outer-wrap"><div class="bg-outer"><div class="bg-inner-wrap" style="background-color: #000000;"><div class="slide-bg" style="background-image:url(https://www.nordfenster.it/wp-content/uploads/2020/01/nordfenster-thurner-5.jpg)"></div></div></div></div><div class="project-info"><div class="container normal-container"><h1>Villa in Nals</h1>  <a href="https://www.nordfenster.it/de/portfolio/villa-in-nals/">View Project</a></div></div></div><!--project slide--><div class="project-slide next"><div class="bg-outer-wrap"><div class="bg-outer"><div class="bg-inner-wrap" style="background-color: #f0821d;"><div class="slide-bg" style="background-image:url(https://www.nordfenster.it/wp-content/uploads/2019/02/DLG_5821.jpg)"></div></div></div></div><div class="project-info"><div class="container normal-container"><h1>Privatvilla Nals</h1>  <a href="https://www.nordfenster.it/de/portfolio/privatvilla-nals/">View Project</a></div></div></div><!--project slide--><div class="project-slide next"><div class="bg-outer-wrap"><div class="bg-outer"><div class="bg-inner-wrap" style="background-color: #000000;"><div class="slide-bg" style="background-image:url(https://www.nordfenster.it/wp-content/uploads/2019/02/S1507001_RZ_9776.jpg)"></div></div></div></div><div class="project-info"><div class="container normal-container"><h1>Aktivhotel Tuxerhof</h1>  <a href="https://www.nordfenster.it/de/portfolio/aktivhotel-tuxerhof/">View Project</a></div></div></div><!--project slide--></div><div class="container normal-container"><div class="zoom-slider-controls"><a class="prev" href="#"><i class="fa fa-angle-left" aria-hidden="true"></i></a><a class="next" href="#"><i class="fa fa-angle-right" aria-hidden="true"></i></a></div></div></div><!--nectar_fullscreen_zoom_recent_projects-->[/vc_column][/vc_row][vc_row type=&#8220;in_container&#8220; full_screen_row_position=&#8220;middle&#8220; scene_position=&#8220;center&#8220; text_color=&#8220;light&#8220; text_align=&#8220;center&#8220; bottom_padding=&#8220;10%&#8220; overlay_strength=&#8220;0.3&#8243; shape_divider_position=&#8220;bottom&#8220; bg_image_animation=&#8220;none&#8220; shape_type=&#8220;&#8220;][vc_column column_padding=&#8220;padding-5-percent&#8220; column_padding_position=&#8220;all&#8220; background_color=&#8220;#273e85&#8243; background_color_opacity=&#8220;1&#8243; background_hover_color_opacity=&#8220;1&#8243; column_link_target=&#8220;_self&#8220; column_shadow=&#8220;none&#8220; column_border_radius=&#8220;none&#8220; width=&#8220;1/1&#8243; tablet_width_inherit=&#8220;default&#8220; tablet_text_alignment=&#8220;default&#8220; phone_text_alignment=&#8220;default&#8220; column_border_width=&#8220;none&#8220; column_border_style=&#8220;solid&#8220; bg_image_animation=&#8220;none&#8220;][split_line_heading]
<h2>Machen Sie sich ein Bild unserer Arbeit an historischen Gebäuden!</h2>
[/split_line_heading][nectar_cta btn_style=&#8220;see-through&#8220; heading_tag=&#8220;h6&#8243; text_color=&#8220;#ffffff&#8220; link_type=&#8220;regular&#8220; alignment=&#8220;center&#8220; margin_top=&#8220;-20&#8243; url=&#8220;/sopralluogo/&#8220; link_text=&#8220;Kontaktieren Sie uns für einen Termin vor Ort&#8220;][/vc_column][/vc_row]
